 factor of j and 126.
18
Let u(o) = -8*o - 41. Let n be u(11). Let i be 25*(n/(-165) + 12/(-66)). What is the highest common divisor of i and 120?
15
Suppose 4*r + 18 = -2*z, -16 = -3*r + 5*z + 3. Let k be (-2)/(-6)*r + 77/3. Calculate the highest common factor of 125 and k.
25
Let h(s) = -120*s**2 + 6*s + 7. Let a be h(-1). Let f = a - -141. Calculate the highest common divisor of f and 22.
22
Let d = 179 - 138. Calculate the highest common factor of d and 1.
1
Let c(i) = i**3 + 6*i**2 + i - 15. Let g be c(-5). Let b = g + 49. What is the highest common divisor of b and 6?
6
Let r be 440/(7 + -2) - 3. Suppose -p = -4*o - 25, 4*p + o - 72 = 3*o. What is the greatest common factor of r and p?
17
Suppose -84 = -3*d - 9. Suppose 0 = -7*r + 8*r - d. Let g = -23 + r. What is the greatest common factor of 16 and g?
2
Let c(o) = -o**3 - 9*o**2 - 11*o + 22. Let f be c(-7). Let z = 25 + -14. Suppose -n = 4*j - z, 5 - 1 = n - 3*j. Calculate the highest common divisor of n and f.
1
Let d = 109 - 85. Calculate the highest common factor of 200 and d.
8
Let w = 154 - 144. Calculate the greatest common divisor of 85 and w.
5
Let b = -47 + 48. Let j = 11 + b. Calculate the highest common divisor of 18 and j.
6
Suppose 1 = -j, -5*u + 22*j - 17*j + 5230 = 0. Calculate the highest common divisor of u and 19.
19
Let v be ((-2840)/(-50))/(6/15). Calculate the highest common factor of 639 and v.
71
Suppose -2*t + 3*j = -5, 0 = -0*t + 3*t + 5*j - 55. Suppose 4*u = 2*u + t. What is the highest common factor of 5 and u?
5
Let u = 229 + -163. Suppose 4*l = -3*v + 182, -4*l + u + 50 = 2*v. What is the greatest common divisor of v and 6?
6
Let y(u) = 6*u - 32. Let q be y(-14). Let o = 235 + q. What is the greatest common factor of o and 34?
17
Let v = 85 - 81. Let i be 6/v*220/30. What is the highest common divisor of 1 and i?
1
Suppose 0*l = 5*l + 5*y, 3*l + 4*y + 4 = 0. Suppose 4*j - 16 = 0, l*i - 184 = 3*j - 0*j. Let m be 0 + 8 + -2 + 1. What is the highest common factor of m and i?
7
Let r(w) = 18*w**2 + 6*w - 7. Let o be r(2). Let i = o - -128. What is the greatest common factor of i and 41?
41
Suppose 2*x + 146 = 4*z, 3*z - 32*x + 36*x = 82. What is the highest common divisor of 714 and z?
34
Let q be (-9)/(((-16)/196)/4). Suppose 0 = -3*m - 0*m - q. Let p be 8/12 - m/9. What is the highest common divisor of 17 and p?
17
Let c be 4085/65 - 12/(-78). Calculate the greatest common divisor of c and 7.
7
Let z(s) = 18*s**2 - 103*s**3 + 32 + 214*s**3 - 110*s**3 + 3*s - 2*s. Let h be z(-18). Calculate the highest common factor of 56 and h.
14
Suppose -4*y = -3*n + 171, -46*n + 5*y + 229 = -42*n. Suppose 0 = 3*g + g. Suppose g = -5*k - n + 196. What is the highest common factor of k and 81?
27
Let h be (-138)/(-9) + 1/(-3). Suppose 3*m = -9, -5*g - 5*m + 2*m + 131 = 0. Let r be (6/14)/(-3 - (-88)/g). Calculate the greatest common factor of h and r.
3
Let t(u) = u**3 - u + 2. Let b be t(0). Suppose -i + b = -4. Let o = -13 - -79. What is the highest common factor of o and i?
6
Let g be (-56)/168 - 1/((-3)/64). What is the greatest common divisor of g and 27?
3
Let f = -715 + 719. Calculate the greatest common divisor of f and 2.
2
Suppose 3*w - l - 11 = 0, -18*l - 11 = -4*w - 13*l. What is the highest common divisor of w and 20?
4
Let r be (-92300)/(-150) - 2/(-3). Calculate the greatest common divisor of r and 231.
77
Let x(q) = q**3 + 2*q**2 - 5*q + 4. Let t be x(4). Let c be (3 - 1) + 52/4 + 1. What is the highest common factor of c and t?
16
Let l = 8 + -6. Suppose 5*c = l*p - 9, -3*c + 8*c = 3*p - 21. Suppose 84 + 6 = 3*q. What is the greatest common divisor of q and p?
6
Suppose 62*z - 2176 = 18966. What is the greatest common divisor of z and 124?
31
Suppose -3*y = -3*i + 75, -15 = 5*i + 4*y - 104. What is the highest common divisor of 28 and i?
7
Let y(k) = 36*k + 639. Let o be y(0). What is the greatest common factor of o and 142?
71
Suppose 182 = -7*u - 28. Let w = 8 - u. Calculate the greatest common divisor of w and 38.
38
Let g be 8806/306 + (-4)/(-18). What is the highest common factor of g and 29?
29
Suppose 3*i = -32 - 88. Let b be (-6)/(6*5/i). What is the highest common factor of 6 and b?
2
Let l be 87*(-2)/(-3) + 2. Suppose 2*j + 3*p - 34 = 0, 6*p - 5*p - 98 = -5*j. What is the highest common factor of j and l?
20
Suppose 3*b = -284 + 1880. Calculate the highest common factor of b and 28.
28
Suppose -5*n + 140 = -2*h, -n = 4*h + h - 1. Let a = n + -7. Let q = -59 + 116. Calculate the greatest common factor of q and a.
19
Suppose 6*v + 4*k = v + 74, 2*k + 80 = 4*v. What is the greatest common factor of v and 450?
18
Let m = 2257 + -281. Calculate the highest common factor of m and 38.
38
Let u = 20 - -10. Let f = u - 28. What is the highest common factor of 2 and f?
2
Let c = 2519 - 2508. Calculate the greatest common divisor of 1727 and c.
11
Let b(j) = j**2 - 5 - 13*j + 12 + 18*j. Let l be b(-7). Suppose 0*y - 5*y = -105. What is the highest common divisor of l and y?
21
Let l = -110 - -110. Suppose -2*g - 125 + 323 = l. What is the greatest common divisor of 27 and g?
9
Let a(d) = -d + 2 + d**2 - d + 5*d**3 + 3*d. Let p be a(2). Suppose -12*k = -224 + 80. Calculate the greatest common factor of p and k.
12
Let r(g) = 12*g**2 - 8*g**2 - 7 - g**3 - 8*g**2 + 8*g. Let q be r(-7). Calculate the highest common factor of q and 42.
42
Let z(h) be the second derivative of -82*h**3/3 + 11*h**2/2 - 10*h. Let s be z(-1). What is the highest common divisor of 25 and s?
25
Let c be (-4 - -5) + (-18)/(-3). Suppose 3*i = i + 70. Calculate the highest common factor of c and i.
7
Let n(c) = -c**2 + 33*c + 204. Let v be n(38). Calculate the highest common divisor of 28 and v.
14
Suppose 77 = t + x, -4*t + 441 - 168 = -3*x. Suppose 0 = 309*k + 5733 - 13728 - 6837. What is the greatest common factor of t and k?
24
Suppose 3*v - 2*a - 3 = 2*v, v + 4*a - 9 = 0. Let p be 44/(-10)*v/(-2). Let f be (-1483)/(-15) - (-4)/30. Calculate the highest common factor of f and p.
11
Suppose -2*b - 19*b = -294. What is the highest common divisor of b and 350?
14
Suppose -5*x + 10*x - 85 = 0. Let s(o) = 5*o + 4. Let j be s(6). What is the highest common factor of j and x?
17
Suppose -32*z = -25*z - 1792. What is the highest common divisor of 32 and z?
32
Let o(u) = 14*u + 4. Let n be o(2). Suppose -7 = 3*k + 2. Let z be k*1/(9/(-12)). Calculate the highest common divisor of n and z.
4
Suppose -2*o - 5 = -0*o + 5*j, -o = j - 2. Let m(p) = -34*p + 11. Let s be m(-1). Calculate the greatest common factor of s and o.
5
Suppose -5*y - 5*m - 113 = -333, 0 = -3*y + 2*m + 107. Let j(w) = -w + 123. Let x be j(6). Calculate the highest common divisor of x and y.
39
Let l(f) = f**2 - 5*f + 2. Let a be l(6). Suppose -x + 26 = -3*r - 78, -3*x - 28 = r. Let n = r - -66. What is the greatest common factor of n and a?
8
Suppose 4*w + 487 = 3*b, 3*b + 3*w - 559 = -58. Calculate the greatest common factor of b and 264.
33
Suppose -6*n = -56*n + 33300. What is the highest common factor of n and 148?
74
Let m = -35 + 25. Let c be (-182)/m - (-1)/(-5). Suppose -3*n + 21 = u, 2*n - 77 = u - 4*u. What is the greatest common divisor of c and u?
9
Let b be (-64)/(-24)*(-9)/(-6). Suppose b*k = -6*u + 2*u + 24, 0 = -u - 2*k + 6. What is the highest common factor of 174 and u?
6
Suppose 40 = 2*d - 2*h, -11*d + 100 = -6*d + 3*h. What is the highest common divisor of 540 and d?
20
Let z = 818 - 458. Calculate the greatest common divisor of 10 and z.
10
Let m = 602 + -348. Suppose 5*y = 266 + m. What is the greatest common divisor of 8 and y?
8
Let x(q) = -19*q + 249. Let k be x(11). What is the highest common factor of k and 16?
8
Let u(v) = 8*v - 80. Let h be u(26). Let k = h + -90. Let b(p) = -13*p**3 - p**2 + 3*p + 1. Let j be b(-2). What is the greatest common factor of j and k?
19
Let t be 13/((-4)/(-9) + 1375/(-3465)). What is the highest common divisor of t and 42?
21
Let y = 158 - 104. Calculate the highest common factor of y and 90.
18
Let n be 30/(-6)*(-28 - 0). Suppose -81*g + 1214 = -3322. What is the highest common factor of g and n?
28
Suppose -78 = -3*h + 2*c, -4*h - 2*c + 124 - 6 = 0. Let p = 32 - h. Calculate the greatest common factor of 36 and p.
4
Let c = 1896 - 1758. What is the greatest commo